, 37, 52957
List the prime factors of 23176980.
2, 3, 5, 128761
List the prime factors of 165843876.
2, 3, 11, 1256393
What are the prime factors of 185136973?
7, 43, 71, 8663
List the prime factors of 377539564.
2, 37, 53, 48131
List the prime factors of 2664525108.
2, 3, 7, 1931, 16427
List the prime factors of 454118443.
131, 499, 6947
List the prime factors of 629555117.
89, 7073653
What are the prime factors of 57272317?
57272317
What are the prime factors of 809764244?
2, 269, 752569
List the prime factors of 67291820.
2, 5, 3364591
List the prime factors of 46727306.
2, 23, 47, 21613
What are the prime factors of 12385205?
5, 7, 47, 7529
What are the prime factors of 862180851?
3, 7, 233, 176207
What are the prime factors of 3784059912?
2, 3, 19, 23, 191, 1889
What are the prime factors of 66896392?
2, 8362049
List the prime factors of 6456692.
2, 11, 146743
List the prime factors of 65995785.
3, 5, 17, 86269
List the prime factors of 88263638.
2, 44131819
List the prime factors of 3099700273.
5659, 547747
List the prime factors of 6270570004.
2, 223, 7029787
What are the prime factors of 181460737?
17, 199, 53639
List the prime factors of 6549032520.
2, 3, 5, 103, 113, 521
List the prime factors of 51482004.
2, 3, 7, 23, 26647
What are the prime factors of 2821560113?
8669, 325477
What are the prime factors of 232426377?
3, 25825153
What are the prime factors of 893688877?
821, 1088537
List the prime factors of 135175803.
3, 7, 461, 13963
List the prime factors of 88966213.
7, 1815637
What are the prime factors of 3151273399?
269, 11714771
List the prime factors of 5199800205.
3, 5, 19, 347, 52579
What are the prime factors of 795338001?
3, 167, 176389
What are the prime factors of 2784900402?
2, 3, 154716689
What are the prime factors of 7232684084?
2, 1931, 936391
List the prime factors of 14400808.
2, 1013, 1777
What are the prime factors of 50466084?
2, 3, 4205507
List the prime factors of 118159318.
2, 61, 968519
List the prime factors of 525587026.
2, 3217, 81689
What are the prime factors of 16072097?
37, 61, 7121
What are the prime factors of 1543554530?
2, 5, 7, 37, 595967
What are the prime factors of 515582607?
3, 31, 89, 167, 373
List the prime factors of 129946156.
2, 32486539
List the prime factors of 773269679.
7, 13, 8497469
List the prime factors of 46391300.
2, 5, 17, 29, 941
What are the prime factors of 768150346?
2, 3023, 127051
What are the prime factors of 663974154?
2, 3, 67, 109, 5051
What are the prime factors of 336669635?
5, 59, 1141253
What are the prime factors of 214995688?
2, 26874461
What are the prime factors of 143995464?
2, 3, 107, 18691
What are the prime factors of 888886145?
5, 7, 443, 57329
What are the prime factors of 32702585?
5, 137, 47741
What are the prime factors of 29420589?
3, 11, 257, 3469
What are the prime factors of 494881101?
3, 11, 13, 17, 22619
List the prime factors of 2154870157.
11, 59, 139, 23887
What are the prime factors of 112062483?
3, 13, 929, 1031
List the prime factors of 4552549452.
2, 3, 11, 11496337
List the prime factors of 102117982.
2, 51058991
List the prime factors of 161145773.
161145773
List the prime factors of 38625859.
823, 46933
List the prime factors of 483940369.
11, 3607, 12197
What are the prime factors of 6626858?
2, 7, 19, 3559
List the prime factors of 105321866.
2, 13, 41, 98801
List the prime factors of 23039175.
3, 5, 307189
What are the prime factors of 121554108?
2, 3, 13, 28859
List the prime factors of 1499261295.
3, 5, 7, 157, 90947
What are the prime factors of 113622768?
2, 3, 7, 16103
What are the prime factors of 406518192?
2, 3, 23, 122741
What are the prime factors of 254287395?
3, 5, 563, 10037
List the prime factors of 215422536.
2, 3, 7, 1282277
List the prime factors of 57379970.
2, 5, 37, 155081
List the prime factors of 209280748.
2, 2011, 26017
List the prime factors of 1758112803.
3, 65115289
List the prime factors of 48374650.
2, 5, 967493
What are the prime factors of 1992073775?
5, 263, 302977
List the prime factors of 1267090972.
2, 7, 45253249
What are the prime factors of 661374962?
2, 283, 4129
List the prime factors of 2785053717.
3, 309450413
What are the prime factors of 1775472654?
2, 3, 295912109
List the prime factors of 596209595.
5, 119241919
List the prime factors of 340755514.
2, 11, 17, 911111
List the prime factors of 54085652.
2, 53, 255121
What are the prime factors of 652990613?
11, 19, 701, 4457
What are the prime factors of 121041469?
121041469
List the prime factors of 31903847.
73, 167, 2617
What are the prime factors of 486943608?
2, 3, 20289317
List the prime factors of 82439622.
2, 3, 4579979
List the prime factors of 96825690.
2, 3, 5, 13, 82757
What are the prime factors of 58211440?
2, 5, 7, 19, 5471
What are the prime factors of 27385605?
3, 5, 13, 277
List the prime factors of 257580951.
3, 157, 546881
List the prime factors of 380975430.
2, 3, 5, 11, 31, 167, 223
List the prime factors of 754050970.
2, 5, 6689, 11273
List the prime factors of 78632377.
23, 3418799
What are the prime factors of 18686787?
3, 7, 23, 5527
List the prime factors of 3246200576.
2, 1973, 6427
List the prime factors of 125923458.
2, 3, 20987243
List the prime factors of 34431956.
2, 13, 641, 1033
What are the prime factors of 38716751?
23, 41, 41057
List the prime factors of 1722123386.
2, 861061693
List the prime factors of 66260867.
2129, 31123
What are the prime factors of 124169811?
3, 2939, 14083
What are the prime factors of 2701295339?
46957, 57527
List the prime factors of 20140951.
1091, 18461
List the prime factors of 447138087.
3, 11, 41, 97, 3407
List the prime factors of 6133071407.
47, 5659, 23059
What are the prime factors of 204624289?
4877, 41957
What are the prime factors of 2440022597?
17, 23, 1087, 5741
What are the prime factors of 170685382?
2, 7, 12191813
What are the prime factors of 1006488795?
3, 5, 13, 397037
What are the prime factors of 20088814?
2, 19, 503, 1051
What are the prime factors of 1544686545?
3, 5, 37, 2783219
List the prime factors of 1741426781.
2393, 727717
List the prime factors of 2907792017.
13, 641, 348949
What are the prime factors of 90316337?
283, 337, 947
List the prime factors of 636383865.
3, 5, 13, 17, 14767
List the prime factors of 40395167.
5381, 7507
What are the prime factors of 6969848?
2, 871231
What are the prime factors of 121432985?
5, 23, 1055939
List the prime factors of 240768320.
2, 5, 13, 31, 1867
What are the prime factors of 210801852?
2, 3, 650623
List the prime factors of 100552596.
2, 3, 23, 364321
What are the prime factors of 180780217?
1741, 103837
What are the prime factors of 178053097?
23, 1723, 4493
What are the prime factors of 1888191762?
2, 3, 23, 1187, 11527
List the prime factors of 2053395661.
41, 1721, 29101
List the prime factors of 23126255.
5, 41, 97, 1163
List the prime factors of 1343143407.
3, 661, 823
List the prime factors of 902250260.
2, 5, 45112513
List the prime factors of 868664655.
3, 5, 673, 3187
What are the prime factors of 350419552?
2, 7, 1564373
List the prime factors of 92348338.
2, 199, 331, 701
List the prime factors of 5328173315.
5, 21149, 50387
What are the prime factors of 2056795120?
2, 5, 109, 235871
List the prime factors of 84636612.
2, 3, 37, 63541
List the prime factors of 33809392.
2, 2113087
List the prime factors of 2778220535.
5, 311, 1786637
List the prime factors of 4423769702.
2, 11, 41, 4904401
What are the prime factors of 14652014?
2, 13, 653, 863
What are the prime factors of 247297708?
2, 7, 17, 74219
What are the prime factors of 804471049?
29, 31, 211, 4241
List the prime factors of 8999747745.
3, 5, 13627, 44029
List the prime factors of 325624949.
13, 25048073
List the prime factors of 336644348.
2, 83, 283, 3583
List the prime factors of 167495694.
2, 3, 2039, 13691
What are the prime factors of 1923914679?
3, 641304893
What are the prime factors of 807602395?
5, 161520479
What are the prime factors of 48862154?
2, 11, 2221007
What are the prime factors of 631625964?
2, 3, 37, 61, 23321
List the prime factors of 803430675.
3, 5, 19, 71, 2647
List the prime factors of 589306225.
5, 83, 284003
What are the prime factors of 6497722623?
3, 7, 61, 461, 11003
What are the prime fact